s the units digit of d?
2
Suppose -4*w - 2*p - 37 = -3, 4*p + 26 = -w. Let b be 0/(-1)*3/w. What is the tens digit of 7 - -1 - (-2 - b)?
1
Suppose 0*w = -4*b - w + 21, 3*w + 5 = 5*b. Suppose -1 = -5*y + b*y. What is the units digit of (y*10)/(7 + -5)?
5
Suppose 285 = 4*v - i, 5*i + 319 = 4*v + 46. What is the units digit of v?
2
Let z(q) be the second derivative of q**4/12 - 4*q**3/3 - 5*q**2/2 + 2*q. Let y = 25 + -16. What is the units digit of z(y)?
4
Let u be 20/(-15)*(-9)/2. Let y(f) = f**3 - 6*f**2 - f + 7. What is the units digit of y(u)?
1
Let y(o) = -o + 4. Suppose 3*k = -4*j, -j - 17 = 2*k - 4*j. Let g be y(k). Suppose s - g = -3*s. What is the units digit of s?
2
Let c(v) = -8*v + 3 + 2*v + v + 2*v. What is the units digit of c(-6)?
1
Suppose 5*x = -3*f + 214, 0 = -2*f - 5*x + 123 + 23. What is the tens digit of f?
6
Let n(m) = m - 4. Let k be n(-5). Let z = k + 20. Let w = -3 + z. What is the units digit of w?
8
Let f = 6 - -2. Let c(k) = -f*k - 5 + 5. What is the units digit of c(-1)?
8
Suppose 0 = -3*d - 2*o + 3 + 9, 0 = 2*d - 5*o - 8. What is the tens digit of (-1)/(d/(-56) - 0)?
1
Suppose -y + 21 = 2*y. Suppose -3*z + y = -74. What is the tens digit of z?
2
Suppose 5 = 4*x + x. Let h be (-4)/(-24) - x/6. Suppose 3*a + h*a = 27. What is the units digit of a?
9
Let w = 101 - -36. What is the tens digit of w?
3
Suppose -u = -3*u + 6. Suppose u = -r + 11. Suppose 16 = r*h - 6*h. What is the units digit of h?
8
Suppose 3*z = 4*z - 13. What is the tens digit of z?
1
Suppose -n = -3*j + 86, -101 = -3*j + 2*n + 2*n. What is the tens digit of j?
2
Let h(v) = 5*v**2 + 2*v - 3. What is the units digit of h(2)?
1
Let o(f) = 5*f - 23. Let s(r) = -4*r + 22. Let d(g) = 3*o(g) + 4*s(g). Let a be d(8). Suppose -x - 2*z = -a, -x + 5*z + 55 = 2*x. What is the units digit of x?
5
Let h(d) = d**3 - 3*d**2 - 4*d + 4. Let l be h(4). Let g = l - 0. Suppose g*r + 52 = 8*r. What is the tens digit of r?
1
Let p = -3 + 7. Suppose -3*l - 5 - p = 0. Let a = l + 5. What is the units digit of a?
2
Suppose -7*i - 22 + 64 = 0. What is the units digit of i?
6
Suppose -2*k + 6 = 3*m, 4*k - 38 = 2*k + 5*m. What is the units digit of k/12*4 + 0?
3
Suppose -3*c + c = -6. Let s be (9/c - 0)/1. Suppose -13 = -5*f - 2*k, -3*f + s*k + 5 = -7. What is the units digit of f?
3
Let g(o) = -3*o**2 + 2*o + 2. Suppose 3*a - 1 = 2. Let r(c) = -c**2 - c + 1. Let p(t) = a*g(t) - 2*r(t). What is the units digit of p(3)?
3
Let g(h) = 13*h. What is the tens digit of g(2)?
2
Let i(t) = 102*t**2 - t. Let q be i(1). Suppose -x - 29 = c, -2*c - 2*c - q = x. Let a = -13 - c. What is the units digit of a?
1
Let d be 3/((-4)/(-4)) + 33. Let p = -22 + d. What is the tens digit of p?
1
Let o = 74 + -16. What is the units digit of o?
8
Suppose 0 = 4*h - 80 - 16. What is the units digit of h?
4
Let r(o) = 9*o - 1. Let f(s) = -5*s + 1. Let u(d) = 5*f(d) + 2*r(d). What is the tens digit of u(-4)?
3
Let w(t) = 26*t - 1. Let c be w(2). Suppose 3*r + 9 = c. What is the tens digit of r?
1
Let g(l) = -l**3 - 8*l**2 + 9*l + 1. What is the units digit of g(-10)?
1
Let g(s) = -3*s**2 - 2*s - 1. Let t be g(-1). What is the units digit of t - 0 - (-2 - 6)?
6
What is the units digit of (6 + -2)*(11 + 5)?
4
Let j(w) be the third derivative of w**4/8 + w**3/2 + w**2. Let s be j(-2). Let t = s - -9. What is the units digit of t?
6
Suppose -4*j + 0*j - 28 = 2*d, 3*j = -3*d - 21. Let m = -1 - j. What is the units digit of m?
6
Suppose -9 = 5*j - 4. Let s = j + 2. What is the units digit of s?
1
Suppose 4*z - 4 - 8 = 0. Suppose -z*j - 14 = -5*j. Suppose -3 - j = -2*n. What is the units digit of n?
5
What is the units digit of (-4 - -3)/(1/(-51)*1)?
1
Let n(i) = -i**3 - 3*i**2 + 5*i + 5. Suppose 0*j = 2*j - 40. Suppose -7*b - j = -2*b. What is the units digit of n(b)?
1
Suppose j - 51 - 39 = 0. What is the units digit of j?
0
Let d be (5/(-2))/((-2)/4). Suppose 20 = -d*z + 85. What is the units digit of z?
3
Suppose t + t = 64. What is the units digit of t?
2
What is the units digit of 2/8 + 19/4?
5
Let v be (-34)/(-4) - (-2)/4. Let r(j) = j**3 - 10*j**2 + 11*j - 5. What is the tens digit of r(v)?
1
What is the tens digit of (-9)/27 - 74/(-6)?
1
Let r be (-4)/(2/(-1 + 2)). Let o = r - -6. What is the units digit of o?
4
Suppose 388 = 4*r + j, 0 = 2*r + 4*j - 189 - 5. Let y = r + -55. What is the units digit of y?
2
Let i be (1 - 2/(-4))*4. What is the units digit of -1 + 30/(i/2)?
9
Let l be -1*1*(-2 - 39). Let h = -37 + 14. Let g = l + h. What is the units digit of g?
8
Suppose -4*a = 4*r + 125 - 33, -a - 3*r - 29 = 0. Let t be (2 + 1)/((-15)/a). Suppose -2*o = t*h - 36 - 30, 4*h + 5*o - 57 = 0. What is the units digit of h?
8
What is the units digit of ((-195)/(-25))/(-1 + 11/10)?
8
Let c(z) = -z**3 - 16*z**2 + 16*z - 14. Let m be c(-17). Suppose 12 + 0 = 4*k. Suppose m*a + 2*q = 30, 9 = -2*q + k. What is the tens digit of a?
1
Suppose -3*t - 3*j + 682 = 2*t, 5*t - 5*j - 690 = 0. What is the tens digit of t?
3
Let m = -48 - 6. What is the units digit of m/(-7) - (-4)/14?
8
Suppose -k + 2*k = 46. What is the units digit of (-6)/(-14) - k/(-7)?
7
Let t(h) = h**2 + h + 7. Suppose -2*b = 3*l + 2*l - 9, l = 1. Suppose 0 = -b*i - 0*i. What is the units digit of t(i)?
7
Suppose 0*g = -5*g + 2*i + 19, -3*g = -2*i - 9. Suppose 0 = g*r - 74 + 19. What is the units digit of r?
1
Let x = -27 + 134. What is the hundreds digit of x?
1
Suppose 7*u = 4*u + 5*g + 34, -2*u - 2*g = 4. What is the units digit of u - 4*(-2 + 1)?
7
Suppose 0 = z - 3, -2*w + z - 13 = -4*z. Let r = 1 + w. What is the units digit of (1/r)/((-2)/(-4))?
1
What is the units digit of (-4 - 79)*-1*(1 - 0)?
3
Let p be (6/(-4))/((-3)/272). What is the tens digit of (p/10)/(20/50)?
3
Let b be ((1 - -1) + -2)*-1. Suppose b = 7*z - 6*z - 55. What is the tens digit of z?
5
Let d be 64*(0 + 1) - -1. Suppose -2 = s, 22 - d = 3*l + 5*s. Let f = l + 16. What is the units digit of f?
5
Let p(w) = -5*w**3 - w**2 - w - 1. Let y be p(-1). Let s = 4 - y. Suppose s = -3*r + 6 + 6. What is the units digit of r?
4
Suppose 0 = -2*r - 8, -3*i + 447 = -5*r + 1. What is the units digit of i?
2
What is the units digit of (-128)/(-8) - 1*3?
3
Let a = 92 - 43. What is the tens digit of a?
4
What is the tens digit of 49 - (2/(-4))/(2/4)?
5
Let l(n) = -6*n**3 - 2*n**2 + n + 3. What is the tens digit of l(-2)?
4
Let v(o) = -o + 3. Let q(n) = 2. Let u(i) = 3*q(i) - 4*v(i). What is the tens digit of u(4)?
1
Suppose 3*o - 15 = -4*d + 14, 2*o = 6. Suppose s + 10 + 4 = -d*y, 2*y = -5*s + 22. What is the units digit of s?
6
Let j be 8*(5 - 2)/6. Let s be j + -2 + 51 + -2. Suppose 26 = 3*u - 2*g, 3*g - s = -5*u - 14. What is the units digit of u?
8
Let g = 96 + -32. What is the tens digit of g?
6
Suppose 3*g + 4*h - 12 = 2*g, 5*g - 15 = -5*h. Suppose g*y - 4*y = -3*a - 75, 4*a - 10 = -2*y. What is the units digit of y?
5
Suppose -4*g - 7 = j, -g + 13 = -2*g + 2*j. What is the units digit of (4 - 7)*1/g?
1
Suppose 0 = -6*m + 2*m. Let w be 26/3*(-3)/(-2). Let h = w - m. What is the units digit of h?
3
Let v(j) = -2*j**2 - 5*j + 2. Let o be v(-5). Let f = -14 - o. What is the units digit of f?
9
Let l = -50 + 53. Suppose 3*z - 10 = 5*b, 10 = -z - 3*b - 2*b. Suppose z = l*x + 3 - 30. What is the units digit of x?
9
Let f = 8 + -7. Let p(d) = 4*d**3 - d**2 + 2*d - 1. What is the units digit of p(f)?
4
Let l(q) = -q**3 - 2*q**2 - 2*q - 4. What is the units digit of l(-4)?
6
What is the tens digit of (-1)/(-1) + (-105)/(-5)?
2
Suppose -3*s - 5*n - 2 + 0 = 0, 5*s + 5*n - 10 = 0. Let b(h) = 1 + h**2 - 2*h + 3*h - 7*h. What is the units digit of b(s)?
1
Suppose 4 - 2 = 2*o. What is the units digit of o?
1
Let d(s) = s**3 - 6*s**2 + 4*s + 15. What is the hundreds digit of d(8)?
1
Suppose -62 = -2*o + 4. What is the units digit of o?
3
Let z = 29 - 21. Suppose 5*s + z = -2. What is the units digit of s/7 + (-60)/(-14)?
4
Let x = -33 - -40. What is the units digit of x?
7
Let i be (34/4 + 2)*2. Let q be ((-54)/i)/(9/(-42)). Suppose q = -x + 5*x. What is the units digit of x?
3
Let o = -5 - -50. What is the units digit of o?
5
Let o = 6 - 3. Suppose -4*p + 5*c + 7 = 0, -2 = -c + o. What is the units digit of p?
8
Let v(g) be the third derivative of 3*g**2 + 1/2*g**3 + 0*g + 1/60*g**5 + 1/8*g**4 + 0. W